undreds digit of 3122?
1
What is the tens digit of 53875?
7
What is the ten thousands digit of 11750?
1
What is the hundreds digit of 3413?
4
What is the thousands digit of 6707?
6
What is the tens digit of 8808?
0
What is the tens digit of 26300?
0
What is the thousands digit of 45448?
5
What is the tens digit of 683?
8
What is the tens digit of 24815?
1
What is the tens digit of 23801?
0
What is the ten thousands digit of 11211?
1
What is the hundreds digit of 879?
8
What is the thousands digit of 1161?
1
What is the units digit of 4954?
4
What is the tens digit of 13724?
2
What is the tens digit of 465?
6
What is the tens digit of 6657?
5
What is the tens digit of 965?
6
What is the hundreds digit of 158968?
9
What is the ten thousands digit of 13167?
1
What is the units digit of 21859?
9
What is the tens digit of 479?
7
What is the thousands digit of 4022?
4
What is the units digit of 8863?
3
What is the thousands digit of 12363?
2
What is the hundreds digit of 5019?
0
What is the ten thousands digit of 18322?
1
What is the units digit of 41918?
8
What is the tens digit of 4156?
5
What is the thousands digit of 1920?
1
What is the units digit of 3464?
4
What is the hundreds digit of 4895?
8
What is the hundreds digit of 6515?
5
What is the thousands digit of 47463?
7
What is the tens digit of 35559?
5
What is the units digit of 32102?
2
What is the ten thousands digit of 45841?
4
What is the hundreds digit of 706?
7
What is the tens digit of 135244?
4
What is the units digit of 2991?
1
What is the ten thousands digit of 16062?
1
What is the units digit of 1921?
1
What is the thousands digit of 4151?
4
What is the thousands digit of 94547?
4
What is the hundreds digit of 1804?
8
What is the tens digit of 34060?
6
What is the tens digit of 710?
1
What is the units digit of 30354?
4
What is the hundred thousands digit of 119700?
1
What is the units digit of 3405?
5
What is the units digit of 331?
1
What is the units digit of 18?
8
What is the units digit of 22013?
3
What is the tens digit of 111172?
7
What is the units digit of 9087?
7
What is the tens digit of 859?
5
What is the hundreds digit of 9113?
1
What is the hundreds digit of 8245?
2
What is the hundreds digit of 460?
4
What is the ten thousands digit of 55661?
5
What is the ten thousands digit of 52800?
5
What is the ten thousands digit of 93838?
9
What is the tens digit of 12085?
8
What is the tens digit of 2644?
4
What is the tens digit of 4115?
1
What is the hundreds digit of 53482?
4
What is the thousands digit of 58475?
8
What is the tens digit of 811?
1
What is the tens digit of 4430?
3
What is the thousands digit of 7758?
7
What is the thousands digit of 4703?
4
What is the tens digit of 963?
6
What is the units digit of 277?
7
What is the tens digit of 1997?
9
What is the hundreds digit of 574?
5
What is the units digit of 231?
1
What is the hundreds digit of 45894?
8
What is the thousands digit of 1841?
1
What is the hundreds digit of 61500?
5
What is the hundreds digit of 980?
9
What is the hundreds digit of 59330?
3
What is the ten thousands digit of 74791?
7
What is the tens digit of 15168?
6
What is the units digit of 839?
9
What is the thousands digit of 1822?
1
What is the units digit of 38?
8
What is the units digit of 1934?
4
What is the hundreds digit of 5750?
7
What is the units digit of 1917?
7
What is the units digit of 1593?
3
What is the ten thousands digit of 27253?
2
What is the units digit of 888?
8
What is the tens digit of 726?
2
What is the ten thousands digit of 17366?
1
What is the hundreds digit of 293?
2
What is the hundreds digit of 4290?
2
What is the hundreds digit of 228?
2
What is the tens digit of 22741?
4
What is the units digit of 2219?
9
What is the ten thousands digit of 20459?
2
What is the tens digit of 4538?
3
What is the hundreds digit of 38151?
1
What is the thousands digit of 3623?
3
What is the units digit of 3554?
4
What is the tens digit of 56535?
3
What is the tens digit of 3098?
9
What is the ten thousands digit of 34675?
3
What is the thousands digit of 22970?
2
What is the hundreds digit of 10783?
7
What is the units digit of 876?
6
What is the units digit of 203?
3
What is the thousands digit of 4660?
4
What is the hundreds digit of 554?
5
What is the ten thousands digit of 20172?
2
What is the thousands digit of 60639?
0
What is the tens digit of 7996?
9
What is the tens digit of 554?
5
What is the hundreds digit of 1963?
9
What is the units digit of 1450?
0
What is the hundreds digit of 6055?
0
What is the tens digit of 3801?
0
What is the hundreds digit of 5682?
6
What is the ten thousands digit of 91459?
9
What is the tens digit of 1078?
7
What is the tens digit of 22128?
2
What is the hundreds digit of 5459?
4
What is the hundred thousands digit of 121943?
1
What is the units digit of 43406?
6
What is the tens digit of 136345?
4
What is the thousands digit of 4211?
4
What is the units digit of 390?
0
What is the tens digit of 768?
6
What is the ten thousands digit of 12233?
1
What is the units digit of 51658?
8
What is the tens digit of 7505?
0
What is the hundreds digit of 391?
3
What is the tens digit of 4969?
6
What is the thousands digit of 8839?
8
What is the hundreds digit of 4398?
3
What is the units digit of 1148?
8
What is the thousands digit of 19258?
9
What is the tens digit of 1179?
7
What is the hundreds digit of 104778?
7
What is the thousands digit of 48618?
8
What is the units digit of 3448?
8
What is the tens digit of 92701?
0
What is the thousands digit of 1762?
1
What is the units digit of 34367?
7
What is the thousands digit of 3007?
3
What is the thousands digit of 150844?
0
What is the thousands digit of 4236?
4
What is the units digit of 61118?
8
What is the hundreds digit of 10810?
8
What is the tens digit of 1757?
5
What is the tens digit of 3293?
9
What is the units digit of 3144?
4
What is the thousands digit of 46891?
6
What is the ten thousands digit of 13798?
1
What is the hundreds digit of 253?
2
What is the units digit of 89?
9
What is the hundreds digit of 1052?
0
What is the thousands digit of 34843?
4
What is the units digit of 29716?
6
What is the hundreds digit of 18135?
1
What is the thousands digit of 11276?
1
What is the tens digit of 1129?
2
What is the thousands digit of 1054?
1
What is the thousands digit of 6092?
6
What is the tens digit of 1780?
8
What is the hundreds digit of 10340?
3
What is the tens digit of 878?
7
What is the tens digit of 30?
3
What is the units digit of 685?
5
What is the ten thousands digit of 19305?
1
What is the tens digit of 33873?
7
What is the thousands digit of 36278?
6
What is the ten thousands digit of 126855?
2
What is the hundreds digit of 863?
8
What is the tens digit of 9580?
8
What is the ten thousands digit of 135681?
3
What is the tens digit of 363?
6
What is the tens digit of 275?
7
What is the units digit of 1?
1
What is the thousands digit of 2322?
2
What is the units digit of 509?
9
What is the units digit of 1576?
6
What is the units digit of 17787?
7
What is the units digit of 14590?
0
What is the thousands digit of 15099?
5
What is the hundreds digit of 5118?
1
What is the units digit of 3652?
2
What is the hundreds digit of 5090?
0
What is the tens digit of 1574?
7
What is the units digit of 979?
9
What is the thousands digit of 2355?
2
What is the hundreds digit of 289?
2
What is the thousands digit of 1065?
1
What is the thousands digit of 50864?
0
What is the thousands digit of 6169?
6
What is the units digit of 26252?
2
What is the tens digit of 70114?
1
What is the thousands digit of 55576?
5
What is the tens digit of 2257?
5
What is the tens digit of 746?
4
What is the units digit of 11552?
2
What is the thousands digit of 38167?
8
What is the units digit of 72?
2
What is the hundreds digit of 1843?
8
What is the hundreds digit of 7940?
9
What is the thousands digit of 4914?
4
What is the thousands digit of 1057?
1
What is the thousands digit of 2253?
2
What is the units digit of 130832?
2
What is the units digit of 1763?
3
What is the hundreds digit of 34001?
0
What is the units digit of 25472?
2
What is the hundreds digit of 5856?
8
What is the thousands digit of 28143?
8
What is the hundreds digit of 2807?
8
What is t